Dec 02 07:16:22.831 INFO testing Haggus/actix-web-test-repo against master#8940af3cea4a9a9deabcaf843b2f8cad9a83fc61 for beta-1.31-5
Dec 02 07:16:22.831 INFO running `"docker" "create" "-v" "/mnt/big/crater/work/local/target-dirs/beta-1.31-5/worker-3/master#8940af3cea4a9a9deabcaf843b2f8cad9a83fc61:/target:rw,Z" "-v" "/mnt/big/crater/work/local/test-source/worker-3/beta-1.31-5/master#8940af3cea4a9a9deabcaf843b2f8cad9a83fc61:/source:ro,Z" "-v" "/mnt/big/crater/work/local/cargo-home:/cargo-home:ro,Z" "-v" "/mnt/big/crater/work/local/rustup-home:/rustup-home:ro,Z" "-e" "USER_ID=1000" "-e" "SOURCE_DIR=/source" "-e" "USER_ID=1000" "-e" "CMD=cargo +8940af3cea4a9a9deabcaf843b2f8cad9a83fc61-alt build --frozen" "-e" "CARGO_TARGET_DIR=/target" "-e" "CARGO_INCREMENTAL=0" "-e" "RUST_BACKTRACE=full" "-e" "RUSTFLAGS=--cap-lints=warn" "-e" "CARGO_HOME=/cargo-home" "-e" "RUSTUP_HOME=/rustup-home" "-m" "1536M" "--network" "none" "crater"`
Dec 02 07:16:23.009 INFO [stdout] b45acacdf5d2d0b962d53c6a4093525793b2c2c8745c1f62619d135022952d7d
Dec 02 07:16:23.011 INFO running `"docker" "start" "-a" "b45acacdf5d2d0b962d53c6a4093525793b2c2c8745c1f62619d135022952d7d"`
Dec 02 07:16:23.414 INFO [stderr] usermod: no changes
Dec 02 07:16:23.820 INFO [stderr]    Compiling quoted-string v0.2.2
Dec 02 07:16:23.826 INFO [stderr]    Compiling crossbeam-channel v0.2.6
Dec 02 07:16:23.826 INFO [stderr]    Compiling tokio-signal v0.2.5
Dec 02 07:16:23.832 INFO [stderr]    Compiling trust-dns-proto v0.4.3
Dec 02 07:16:23.834 INFO [stderr]    Compiling trust-dns-proto v0.5.0-alpha.3
Dec 02 07:16:25.174 INFO [stderr]    Compiling mime v0.3.10
Dec 02 07:16:28.127 INFO [stderr]    Compiling mime_guess v2.0.0-alpha.6
Dec 02 07:16:37.055 INFO [stderr]    Compiling trust-dns-resolver v0.9.1
Dec 02 07:16:37.627 INFO [stderr]    Compiling trust-dns-resolver v0.10.0-alpha.3
Dec 02 07:16:46.953 INFO [stderr]    Compiling actix v0.7.5
Dec 02 07:16:54.315 INFO [stderr]    Compiling actix-net v0.1.1
Dec 02 07:17:01.659 INFO [stderr]    Compiling actix-web v0.7.13
Dec 02 07:17:11.443 INFO [stderr] error[E0599]: no method named `as_str` found for type `mime::Value<'_>` in the current scope
Dec 02 07:17:11.443 INFO [stderr]   --> /cargo-home/registry/src/github.com-1ecc6299db9ec823/actix-web-0.7.13/src/httpmessage.rs:61:71
Dec 02 07:17:11.444 INFO [stderr]    |
Dec 02 07:17:11.444 INFO [stderr] 61 |                 if let Some(enc) = encoding_from_whatwg_label(charset.as_str()) {
Dec 02 07:17:11.444 INFO [stderr]    |                                                                       ^^^^^^
Dec 02 07:17:11.444 INFO [stderr] 
Dec 02 07:17:12.772 INFO [stderr] error[E0599]: no method named `as_str` found for type `mime::Value<'_>` in the current scope
Dec 02 07:17:12.772 INFO [stderr]   --> /cargo-home/registry/src/github.com-1ecc6299db9ec823/actix-web-0.7.13/src/multipart.rs:72:37
Dec 02 07:17:12.772 INFO [stderr]    |
Dec 02 07:17:12.772 INFO [stderr] 72 |                         Ok(boundary.as_str().to_owned())
Dec 02 07:17:12.773 INFO [stderr]    |                                     ^^^^^^
Dec 02 07:17:12.773 INFO [stderr] 
Dec 02 07:17:12.815 INFO [stderr] error[E0599]: no method named `as_str` found for type `mime::Value<'_>` in the current scope
Dec 02 07:17:12.815 INFO [stderr]    --> /cargo-home/registry/src/github.com-1ecc6299db9ec823/actix-web-0.7.13/src/multipart.rs:337:44
Dec 02 07:17:12.815 INFO [stderr]     |
Dec 02 07:17:12.815 INFO [stderr] 337 |                         boundary: boundary.as_str().to_owned(),
Dec 02 07:17:12.815 INFO [stderr]     |                                            ^^^^^^
Dec 02 07:17:12.815 INFO [stderr] 
Dec 02 07:17:13.859 INFO [stderr] error: aborting due to 3 previous errors
Dec 02 07:17:13.859 INFO [stderr] 
Dec 02 07:17:13.859 INFO [stderr] For more information about this error, try `rustc --explain E0599`.
Dec 02 07:17:13.899 INFO [stderr] error: Could not compile `actix-web`.
Dec 02 07:17:13.899 INFO [stderr] 
Dec 02 07:17:13.899 INFO [stderr] To learn more, run the command again with --verbose.
Dec 02 07:17:13.902 INFO [stderr] su: No module specific data is present
Dec 02 07:17:15.464 INFO running `"docker" "inspect" "b45acacdf5d2d0b962d53c6a4093525793b2c2c8745c1f62619d135022952d7d"`
Dec 02 07:17:15.863 INFO running `"docker" "rm" "-f" "b45acacdf5d2d0b962d53c6a4093525793b2c2c8745c1f62619d135022952d7d"`
Dec 02 07:17:16.219 INFO [stdout] b45acacdf5d2d0b962d53c6a4093525793b2c2c8745c1f62619d135022952d7d
